s -59 - -181b8?
1815c
In base 2, what is 1 + -1110101100001110100001100110?
-1110101100001110100001100101
In base 13, what is -385b2a + 17?
-385b13
In base 4, what is 13322 - 113011?
-33023
In base 8, what is 5 + -52225056?
-52225051
In base 8, what is 3410 - 72315?
-66705
In base 2, what is -1 - -10000000111101011011001?
10000000111101011011000
In base 4, what is 320001013 + -120?
320000233
In base 11, what is 5 + -1604a503?
-1604a4a9
In base 5, what is -4140112 + 314?
-4134243
In base 8, what is 246 - 172761?
-172513
In base 5, what is 12303 - -422341?
440144
In base 15, what is -3 - 3871ea1?
-3871ea4
In base 13, what is -888 + 48?
-840
In base 12, what is 4a + 75b21?
75b6b
In base 9, what is -2142064 + -1318?
-2143383
In base 15, what is -9483 - 112?
-9595
In base 6, what is 10121024 - -4?
10121032
In base 3, what is -2 + 101110202012?
101110202010
In base 5, what is 32104314430 - 32?
32104314343
In base 8, what is 1 + 3557770?
3557771
In base 7, what is 4324 - 1253?
3041
In base 9, what is 1545 - 337672?
-336126
In base 13, what is 4820 + 872a?
1024a
In base 15, what is 2 - -3a97d7e?
3a97d81
In base 4, what is -1212 + -120012?
-121230
In base 16, what is -60292 + -117?
-603a9
In base 5, what is -2011 + -23032144?
-23034210
In base 6, what is -25523 - 4251445?
-4321412
In base 6, what is -2 - 1042430431?
-1042430433
In base 11, what is -35563 + -4048?
-39600
In base 15, what is cea4b9 - 0?
cea4b9
In base 16, what is 19626 + -3b1?
19275
In base 4, what is 3 - 2132331112233?
-2132331112230
In base 5, what is 334 + -41340031?
-41334142
In base 10, what is 56098 - -23037?
79135
In base 11, what is 2820a0 - 14?
282087
In base 16, what is 10b0 + -d07e?
-bfce
In base 13, what is -187 - 31a1b?
-31ba5
In base 15, what is 3 - 6073c7?
-6073c4
In base 13, what is 0 + -3a03121?
-3a03121
In base 9, what is -15352 - -115?
-15236
In base 11, what is -22 - 9a0a982?
-9a0a9a4
In base 9, what is -2252527260 + 0?
-2252527260
In base 2, what is 100010011101 - -1110111100?
110001011001
In base 5, what is -1330 + 100214?
43334
In base 12, what is -848 - -47754?
46b08
In base 9, what is 113367 - 368?
112888
In base 12, what is -49915 + 1b5?
-49720
In base 10, what is 2 + -4753488?
-4753486
In base 12, what is 1 + -3163b9a?
-3163b99
In base 11, what is 5 + -45a5673?
-45a5669
In base 4, what is -11120320220 - -31?
-11120320123
In base 9, what is 33344 - 5880?
26354
In base 10, what is 219 - -28535?
28754
In base 13, what is 323 - 113cca?
-1139a7
In base 10, what is 4401481 - -156?
4401637
In base 11, what is 7958773a - -5?
79587744
In base 16, what is -4 - -ccd23e?
ccd23a
In base 10, what is -14162 - 48?
-14210
In base 13, what is -286 - 17c40c?
-17c695
In base 16, what is 7c2c2f - 8?
7c2c27
In base 4, what is 232103030 + 20?
232103110
In base 3, what is 1000121 - -1100012112?
1101020010
In base 8, what is -1347566460 + 3?
-1347566455
In base 15, what is -6 - 12d7dac?
-12d7db3
In base 12, what is -111a497 + 4?
-111a493
In base 8, what is -1 + 216550567?
216550566
In base 9, what is 63004 + 101?
63105
In base 11, what is -2662 - 36a?
-2a21
In base 11, what is -17566081 + 6?
-17566076
In base 11, what is -4 + 4760894?
4760890
In base 9, what is 175 + 3642818?
3643104
In base 7, what is 121040661 + 11?
121041002
In base 7, what is -2332 - 13603?
-16235
In base 13, what is -29c3 - -15710?
12a1a
In base 3, what is 1000022100210211 + -1?
1000022100210210
In base 8, what is -2225417 + -756?
-2226375
In base 4, what is 232000002203 + 13?
232000002222
In base 5, what is -3243000 + 14423?
-3223022
In base 5, what is 200 + 211301241?
211301441
In base 7, what is 13 - -1101652013?
1101652026
In base 15, what is 2bbbbe - -39?
2bbc08
In base 4, what is -3 - -1220312033030?
1220312033021
In base 11, what is 11647270 - 1?
1164726a
In base 11, what is -50 - -1a149a?
1a144a
In base 9, what is 7 - -1403228?
1403236
In base 3, what is 10 + -112212021220212?
-112212021220202
In base 9, what is 606185 - 158?
606026
In base 11, what is 5 - 24990072?
-24990068
In base 11, what is 5706 + -18086?
-12480
In base 10, what is 147 + 518527?
518674
In base 2, what is -11001101 + -111110010100101?
-111110101110010
In base 5, what is 41 + -2243314032?
-2243313441
In base 2, what is -1001001110 - -100101100000110100?
100101010111100110
In base 10, what is -96529 - 152?
-96681
In base 2, what is 111101 - -10100001110011011011?
10100001110100011000
In base 12, what is -62a7b10 - 8?
-62a7b18
In base 14, what is 0 - -2a8d2d7?
2a8d2d7
In base 15, what is 1dd - 5291b?
-5272d
In base 3, what is 1120211102 - -102202?
1121021011
In base 13, what is 6b + -490c?
-4871
In base 8, what is -2 + -13271305?
-13271307
In base 15, what is -2c3 - 3d19?
-40dc
In base 10, what is 23121 - 11318?
11803
In base 6, what is 3104 + 12532?
20040
In base 8, what is -27 + 4070307?
4070260
In base 15, what is 1 + -ed187ea?
-ed187e9
In base 7, what is 11530203342 - -3?
11530203345
In base 15, what is 10b - a684c?
-a6741
In base 10, what is 5 - 181609?
-181604
In base 9, what is 14218 + -1014?
13204
In base 4, what is -311022223013 - 0?
-311022223013
In base 8, what is -123 - -4037670?
4037545
In base 11, what is -24310 + 14?
-242a7
In base 12, what is -3805491 + -4?
-3805495
In base 4, what is 112 - -310200030003?
310200030121
In base 15, what is -3 + -5605c36?
-5605c39
In base 2, what is 10011 - -100100110101?
100101001000
In base 15, what is -25142c2 - -11?
-25142b1
In base 13, what is -c30011c - 8?
-c300127
In base 3, what is -2111222021 - 11002210?
-2200002001
In base 4, what is -1 - 221300021231?
-221300021232
In base 16, what is -ad54 - -17c?
-abd8
In base 6, what is -322310 + -210?
-322520
In base 11, what is 4 + 1400a00?
1400a04
In base 13, what is c124 + -a4?
c050
In base 8, what is -2 - 327714441?
-327714443
In base 10, what is -268 + -110905?
-111173
In base 3, what is 21102221 + -122020110?
-100210112
In base 3, what is -122002 + -1002?
-200011
In base 8, what is 2202 + -266614?
-264412
In base 11, what is -1a58470 - -37?
-1a58434
In base 11, what is 5 + 4a759329?
4a759333
In base 10, what is -25720 + 3045?
-22675
In base 11, what is -1aa1656 - 16?
-1aa1671
In base 3, what is 202 + 20210102201211?
20210102202120
In base 10, what is 1012 + -8190?
-7178
In base 11, what is -18427 + -80?
-184a7
In base 5, what is 120111240232 - -3?
120111240240
In base 4, what is 2223133330 - 23?
2223133301
In base 10, what is 19874 - -17813?
37687
In base 13, what is 16b5c - 23b?
16921
In base 9, what is 7854703 - -20?
7854723
In base 15, what is -9 + 13e1d?
13e14
In base 6, what is 1 - -55203142332?
55203142333
In base 6, what is -40345251 + -251?
-40345542
In base 10, what is -34 + 837996?
837962
In base 7, what is 60 + 33136502?
33136562
In base 10, what is -865806 - 46?
-865852
In base 7, what is 6354 + 50014?
56401
In base 16, what is 1537 - 15c?
13db
In base 16, what is dcadc292 + -2?
dcadc290
In base 15, what is -1a69b43 + -4?
-1a69b47
In base 9, what is -52315 - -1332?
-50873
In base 9, what is 3123176 + -4?
3123172
In base 9, what is -12172322 + -5?
-12172327
In base 11, what is 4 - 4810105?
-4810101
In base 16, what is c02f - 5?
c02a
In base 13, what is -7b004a - 4?
-7b0051
In base 7, what is -22 + -202545346?
-202545401
In base 3, what is -20211110001120 - 21?
-20211110001211
In base 5, what is 10 + -214224232?
-214224222
In base 15, what is -31adcb - -3?
-31adc8
In base 10, what is 736 + 296904?
297640
In base 13, what is 46c + 1c0a6?
1c545
In base 8, what is 65 + 7657500?
7657565
In base 7, what is -1 + -25132632?
-25132633
In base 14, what is 1 + -1481d852?
-1481d851
In base 5, what is -4121 - -1441?
-2130
In base 14, what is 1667a - -4492?
1ab2c
In base 10, what is -1 - -1002508?
1002507
In base 6, what is -5 - 4302413031?
-4302413040
In base 14, what is -14080d6 + -4?
-14080da
In base 2, what is 100110110100001010 + -111011100?
100110101100101110
In base 16, what is -1835 + 1a3b3?
18b7e
In base 4, what is 100 + -1021312002?
-1021311302
In base 3, what is 12020220122 + 20210?
12021011102
In base 2, what is -10101 - -1100000011011011001100?
1100000011011010110111
In base 9, what is -78825 - -2551?
-76264
In base 4, what is -121121022 + 230?
-121120132
In base 8, what is -34270 + -2427?
-36717
In base 8, what is 1 - -704